ts digit of h?
0
Let b(p) = -6*p**2 + 27*p - 4*p**2 + 101 + 27*p**2. What is the tens digit of b(-5)?
9
Suppose 0 = 2*u - 2*h - 0*h - 298, u + h = 145. Suppose u - 3 = -18*s. What is the units digit of (119/(-68))/(2/s)?
7
Let d(l) = -l**3 + 6*l**2 - 5*l + 3. Let z be d(5). Suppose 2*v - 91 = -z*m, 0 = 2*v - 3*m - 62 - 47. What is the tens digit of v?
5
Let l(x) be the first derivative of -13*x**4/4 + x**3 - 7*x**2/2 + 4*x - 15. Let j be l(-7). What is the units digit of j/15 + (-4)/(-10)?
1
Let g(z) = -387*z + 4486. What is the tens digit of g(-8)?
8
Suppose 5*j - 6*j - 15 = -5*w, 29 = 5*j + w. Suppose s = -4*l + 3, -l - 3*l + 15 = j*s. Suppose 5 = -v + 2*v, -182 = -s*n + 2*v. What is the units digit of n?
4
What is the hundreds digit of (-17070 - 2)*(497/14)/(-71)?
5
Suppose -6*j - 23 - 61 = 0. Let r be 0 + 66/j - 28/98. What is the tens digit of 10/(-25) + (-627)/r?
2
Let u = 107 + -105. Let d be (-2)/u*(-9 + 4). What is the tens digit of 65 - (10/d + 0)?
6
Let z = 58 + -78. Let i = z + -3. Let q(d) = -d**3 - 24*d**2 - 26*d - 30. What is the units digit of q(i)?
9
Suppose -44*h - 3601 + 20761 = 0. What is the units digit of h?
0
Let q be 17/2 + 6/(-4). Suppose n - q = -i, -4*n + 0*i = 5*i - 30. Suppose -10*h + 875 = -n*h. What is the units digit of h?
5
Let u = 26 + -14. Suppose u*y - 6 = 10*y. Suppose 0 = 7*p - y*p - 236. What is the units digit of p?
9
Let h = -166 - -188. Suppose 7124 = h*z - 3590. What is the tens digit of z?
8
Let m = 602 + -851. Suppose 0 = -3*l - 66 + 51. What is the hundreds digit of (10/3)/l*m?
1
What is the hundreds digit of 7/((-28)/(-6536))*1817/46?
5
Suppose -n - 20 = 4*n, -u + 28 = -5*n. Let y be u + -6 + 1 + 6. Suppose y = 4*s - 15. What is the units digit of s?
6
Let r(i) be the third derivative of -i**6/120 - i**5/5 + 3*i**4/4 + 11*i**3/3 + i**2. Let y = -1610 + 1596. What is the tens digit of r(y)?
6
Suppose 10*v - 20*v + 153140 = 10*v. What is the hundreds digit of v?
6
Suppose -7*p + 4*p = 0. Suppose -5*s - 8*s + 6656 = p. What is the tens digit of s?
1
Let b = -45302 + 63826. What is the tens digit of b?
2
Suppose 5*v - 4*y = -84, 40*v - 3*y - 13 = 41*v. What is the units digit of ((-3092)/8)/(8/v)?
3
Suppose 29 = l + 33. Let a be 2/l*(3 + -4)*-2. What is the tens digit of a - (-1*92 - (-2)/(-2))?
9
Suppose 133*t - 66330 = 122*t. What is the thousands digit of t?
6
Suppose 0 = 3*n + 4*s + 80 + 396, -3*n - 484 = 2*s. Let z = 37 + n. Let p = 123 - z. What is the hundreds digit of p?
2
Let h(t) = -2*t**2 - 104. Let r be h(0). What is the tens digit of 4119/13 - 1/(r/16)?
1
Let u(f) = -f**3 + 7*f**2 - f - 7. Let q be u(7). Let t = -12 - q. What is the hundreds digit of ((-11)/(-2) - t/(-8))*32?
1
Let c be 831 + -14 + 5 + -6 + 1. What is the units digit of (-2)/(-4)*c + 10/(-20)?
8
Let x = 383 - 391. What is the units digit of 310*1 - x/(-24)*-15?
5
Suppose 358981 = 19*r - 343810. What is the hundreds digit of r?
9
Let n(j) = 55530*j**2 + 1418*j - 1419. What is the ten thousands digit of n(1)?
5
Let o = -60 + 69. Let l be (-87)/(-1)*(-2 + 51/o). Suppose z = -3*h + 205, -2*z + l + 91 = 4*h. What is the hundreds digit of z?
2
Let f = 11421 - 8294. What is the hundreds digit of f?
1
Suppose 0*w = 3*w. Suppose 0 = -4*y + o + 17 - 7, y - 5*o - 12 = 0. Suppose w = 2*a - y, 2*a + 523 = -5*p + 8*p. What is the hundreds digit of p?
1
Let b = 260 - 249. What is the units digit of 54/((132/162)/b)?
9
Suppose -5*k + i + 2*i = 0, 2*i + 4 = 2*k. What is the tens digit of (4892/6)/2 + (-1)/k?
0
Let s(z) = -z**2 + 8*z + 9. Let v be s(6). Let a = 25 - v. What is the tens digit of 298/a - (-5)/10?
7
Let p be -6*(-9)/8*(-4 - -232). What is the hundreds digit of 2/(4644/p + -3*1)?
1
Let x(j) = -3197*j**3 - 5*j**2 + 9*j + 26. What is the units digit of x(-2)?
4
Suppose 2*x - 4*v + 12 = 0, 5*v - 15 = 2*x + 2*x. Suppose x = -5*i, -4*h - i + 36 = -2*i. Suppose -h*t + 104 = -t. What is the tens digit of t?
1
Suppose 59 = 13*q + 20. Suppose 21*x = -q*f + 17*x + 638, -5*f = 4*x - 1074. What is the hundreds digit of f?
2
Suppose -2*o = -4*o + 6. Suppose 21 = -0*d - d - 2*h, -6 = -o*h. Let v = 76 - d. What is the units digit of v?
1
Suppose 18286 = 3*v - 2*f, 3*v + 311*f - 18256 = 307*f. What is the thousands digit of v?
6
Suppose 0*p + 3*p = 3. Suppose -u + p = -1. Suppose -5*l + 15 = u*h, 3*h - 3*l = -8*l + 30. What is the tens digit of h?
1
Suppose -42 = 50*s - 52*s. Suppose 0 = s*z - 18008 - 787. What is the hundreds digit of z?
8
Let a(z) = -z**3 + 5*z**2 + 5*z + 13. Let q be a(6). Let s be (-566)/(-5)*q/(56/20). Let w = s - 184. What is the units digit of w?
9
Let y = 3977 + -225. Suppose 33*h = 37*h + 4*d - y, 0 = h - 5*d - 932. What is the units digit of h?
7
Suppose -4*f + 22692 = -8*t, 4129 = 2*f - t - 7211. What is the thousands digit of f?
5
Suppose 4*t - 1184025 - 62875 = -16*t. What is the ten thousands digit of t?
6
Let q(b) = 9*b**3 + 4*b**2 - 9*b - 10. Let w(s) = 4*s**3 + 2*s**2 - 5*s - 5. Let j(o) = 2*q(o) - 5*w(o). Let v = 105 + -109. What is the units digit of j(v)?
3
Suppose 5*b = -5*n + 326 + 1614, n - 418 = 5*b. Let i = 411 - n. What is the units digit of i?
8
Let y = 166 - 140. Suppose -12833 + 925 = -y*o. What is the units digit of o?
8
Let w be (167 + -6 + 1)*32. Suppose -3*n - w = -7*n + 4*v, 2*n + 2*v = 2572. What is the hundreds digit of n?
2
Suppose 0 = 4*n + 12, -4*i - 11*n + 6143 = -12*n. Suppose 7*l - 3*l = -3*k + i, 1153 = 3*l + 4*k. What is the tens digit of l?
8
Let q = 21 - 19. Suppose 6 = -3*m + 3*g + q*g, -4*g + 6 = -2*m. Suppose 153 - 702 = -m*h. What is the tens digit of h?
8
Let n = 53 - 57. Let c(j) = 9*j**2 - 7*j - 7. Let r be c(n). Suppose 3*m + 36 - r = 0. What is the tens digit of m?
4
Suppose -5*d = d - 330. Let i = d + -56. What is the units digit of (13 + -7)*i/(-2)?
3
Let t(g) = -7388*g + 212. What is the hundreds digit of t(-1)?
6
Let t(h) be the second derivative of h**4/12 + 17*h**3/6 - h**2/2 - 5*h. Let l be t(5). Let i = l + 96. What is the hundreds digit of i?
2
Suppose -3*c = 21, -3*c = 3*i - 33777 - 35367. What is the hundreds digit of i?
0
Let m be -1 + -2*1 + (-17 - -1079). Suppose v + 5*p + m = 4*v, -2*p = -v + 353. What is the hundreds digit of v?
3
Suppose 0 = 6*p + 83 - 59. Let n be p/(-5)*((-18)/(-4) - 2). What is the units digit of (n - (-2 + 5)) + 110?
9
Let j(i) = 2*i**3 - 12*i**2 + 2*i + 29. Let k be j(9). Let o = k + -216. What is the tens digit of o?
1
Let o = 1540 - 660. Suppose -9*n + 13*n = 4*h + o, 3*h - 678 = -3*n. What is the tens digit of n?
2
What is the units digit of ((-1)/6 - (-338527)/42) + -5?
5
Let d = -2425 + 1547. What is the tens digit of -10 - (d - -5) - (0 + 2)?
6
Let p be ((-10)/4)/(6/(-108)). Let c = 89 - p. What is the units digit of (-33)/c*(-32)/1?
4
What is the hundreds digit of (166953/39 - 0) + 2 + 36/234?
2
Suppose 5*w - 2*s - 12861 = 1203, 5*w - 4*s - 14058 = 0. What is the tens digit of w?
1
Let s(c) = 134*c**2 + 11*c - 1. Suppose -5*z - 1 = -4*g - 36, 8 = z - g. What is the tens digit of s(z)?
3
Let d = 836 + 1445. What is the tens digit of d?
8
Let r(h) = -40*h + 223. Let i be r(-6). Let j = i + -346. What is the units digit of j?
7
Let g(c) = -c**3 - 4*c**2 + 7*c - 6. Suppose 4*d - 5*z + 14 = 0, -z - 26 = 4*d - 0*d. What is the tens digit of g(d)?
2
Suppose k - 8002 + 1849 - 4284 = 0. What is the ten thousands digit of k?
1
Let a(x) = 721*x + 74. Let w be a(4). Suppose 4*s - q - w = 0, 4*s - 3270 = 2*q - 314. What is the tens digit of s?
4
Let b(k) = -k**3 - 16*k**2 + 2*k + 35. Let y be (-42)/14*16/3. Let m be b(y). Suppose -m*f = 4*w - 301, -2*f + w + 98 = -f. What is the units digit of f?
9
Suppose c - 4*r = 804, -2*r = -4*c - 789 + 3935. What is the tens digit of c?
8
Suppose -4*c = 2*c - 76659 - 41523. What is the units digit of c?
7
Suppose 2*o = -4*z + 56880, -828*o = 2*z - 830*o - 28458. What is the hundreds digit of z?
2
Let c be 3/(15/2) + (-882)/(-45). Let n = 23 - c. Suppose -120 = -n*b - 0*b. What is the units digit of b?
0
Let r(b) = 26*b + 29. Let f be r(-1). Let n = 3 + -3. Suppose n = 5*y + m - 675, -y = y + f*m - 283. What is the hundreds digit of y?
1
Let j = 61 + -58. Let h = -22 - -66. Suppose j*b = b + h. What is the units digit of b?
2
Let s(z) = 0*z - 11 - z + z**2 + 3*z. Suppose -5*c = 7 - 2, 3*c = 2*n - 